e prime factors of 26164?
2, 31, 211
List the prime factors of 6063487.
79, 76753
What are the prime factors of 883961?
13, 97, 701
What are the prime factors of 133748?
2, 29, 1153
What are the prime factors of 117437?
117437
What are the prime factors of 113978?
2, 56989
What are the prime factors of 5768430?
2, 3, 5, 59, 3259
What are the prime factors of 474677?
7, 19, 43, 83
List the prime factors of 4187959.
163, 25693
List the prime factors of 10160813.
13, 781601
List the prime factors of 25358032.
2, 7, 373, 607
List the prime factors of 10269457.
11, 307, 3041
List the prime factors of 4360492.
2, 887, 1229
What are the prime factors of 638902?
2, 11, 113, 257
List the prime factors of 169778.
2, 7, 67, 181
What are the prime factors of 62178?
2, 3, 43, 241
What are the prime factors of 1515708?
2, 3, 71, 593
List the prime factors of 926147.
37, 25031
What are the prime factors of 383341?
7, 23, 2381
What are the prime factors of 129035?
5, 131, 197
List the prime factors of 74375.
5, 7, 17
What are the prime factors of 489784?
2, 61223
What are the prime factors of 21517?
21517
What are the prime factors of 1304186?
2, 13, 103, 487
What are the prime factors of 821565?
3, 5, 18257
What are the prime factors of 749206?
2, 374603
List the prime factors of 860745.
3, 5, 57383
What are the prime factors of 1565204?
2, 391301
List the prime factors of 18589637.
11, 1689967
What are the prime factors of 2717375?
5, 21739
List the prime factors of 415228.
2, 11, 9437
List the prime factors of 1868788.
2, 467197
What are the prime factors of 2063011?
43, 47977
What are the prime factors of 6161074?
2, 163, 18899
What are the prime factors of 12998321?
7, 1856903
What are the prime factors of 5774946?
2, 3, 193, 4987
List the prime factors of 33849702.
2, 3, 97, 19387
What are the prime factors of 15495869?
15495869
What are the prime factors of 1558136?
2, 194767
List the prime factors of 1142264.
2, 17, 37, 227
List the prime factors of 1744580.
2, 5, 19, 4591
What are the prime factors of 1095951?
3, 101, 3617
What are the prime factors of 181413?
3, 6719
List the prime factors of 688625.
5, 7, 787
What are the prime factors of 20464?
2, 1279
List the prime factors of 6880344.
2, 3, 43, 59, 113
What are the prime factors of 5177889?
3, 139, 4139
List the prime factors of 21805487.
11, 61, 32497
List the prime factors of 479507.
7, 68501
List the prime factors of 393673.
7, 56239
What are the prime factors of 2191297?
31, 70687
What are the prime factors of 22650659?
73, 310283
List the prime factors of 18791737.
18791737
What are the prime factors of 319988?
2, 79997
What are the prime factors of 74967?
3, 24989
List the prime factors of 114239.
71, 1609
List the prime factors of 135294.
2, 3, 22549
List the prime factors of 1193330.
2, 5, 47, 2539
List the prime factors of 2823240.
2, 3, 5, 7, 3361
List the prime factors of 860814.
2, 3, 19, 839
What are the prime factors of 132254?
2, 89, 743
What are the prime factors of 550877?
137, 4021
What are the prime factors of 4221224?
2, 7, 43, 1753
List the prime factors of 473528.
2, 11, 5381
List the prime factors of 2782423.
7, 397489
List the prime factors of 5410097.
7, 11, 17, 4133
What are the prime factors of 278061?
3, 7, 13241
What are the prime factors of 22354752?
2, 3, 7, 16633
What are the prime factors of 1941994?
2, 970997
List the prime factors of 240601.
17, 14153
What are the prime factors of 174842?
2, 87421
What are the prime factors of 536316?
2, 3, 11, 17, 239
What are the prime factors of 102686?
2, 51343
What are the prime factors of 19517?
29, 673
What are the prime factors of 827536?
2, 51721
List the prime factors of 605296.
2, 37831
List the prime factors of 1021792.
2, 37, 863
List the prime factors of 3294537.
3, 79, 13901
List the prime factors of 1157889.
3, 23, 97, 173
List the prime factors of 690260.
2, 5, 34513
What are the prime factors of 2020946?
2, 1010473
What are the prime factors of 2814161?
7, 402023
What are the prime factors of 8391925?
5, 103, 3259
List the prime factors of 18420091.
197, 93503
List the prime factors of 691019.
7, 98717
What are the prime factors of 2455366?
2, 1227683
List the prime factors of 4742783.
31, 152993
What are the prime factors of 9414124?
2, 17, 167, 829
List the prime factors of 9747355.
5, 1949471
List the prime factors of 7000561.
1741, 4021
What are the prime factors of 6205131?
3, 689459
List the prime factors of 32031.
3, 3559
What are the prime factors of 3066430?
2, 5, 306643
What are the prime factors of 1935633?
3, 7, 92173
What are the prime factors of 4176643?
83, 50321
List the prime factors of 390840.
2, 3, 5, 3257
What are the prime factors of 2258756?
2, 17, 59, 563
What are the prime factors of 1500960?
2, 3, 5, 53, 59
List the prime factors of 20034021.
3, 7, 954001
List the prime factors of 1802835.
3, 5, 40063
List the prime factors of 3265.
5, 653
What are the prime factors of 16777130?
2, 5, 17, 98689
List the prime factors of 1788074.
2, 894037
What are the prime factors of 334622?
2, 167311
List the prime factors of 2940437.
2940437
What are the prime factors of 34945?
5, 29, 241
What are the prime factors of 1192213?
11, 59, 167
List the prime factors of 3957198.
2, 3, 7, 94219
List the prime factors of 5314809.
3, 929, 1907
What are the prime factors of 8119750?
2, 5, 32479
List the prime factors of 226967.
13, 17, 79
List the prime factors of 17064376.
2, 7, 461, 661
List the prime factors of 231312.
2, 3, 61, 79
List the prime factors of 520199.
607, 857
List the prime factors of 1786384.
2, 311, 359
What are the prime factors of 1776987?
3, 347, 569
List the prime factors of 3241232.
2, 202577
What are the prime factors of 1598281?
71, 22511
List the prime factors of 272128.
2, 1063
List the prime factors of 956098.
2, 11, 13, 3343
List the prime factors of 593627.
593627
What are the prime factors of 7994009?
163, 49043
List the prime factors of 187436.
2, 47, 997
List the prime factors of 1419643.
1419643
What are the prime factors of 210400?
2, 5, 263
List the prime factors of 3722872.
2, 23, 20233
List the prime factors of 803850.
2, 3, 5, 23, 233
List the prime factors of 739612.
2, 184903
What are the prime factors of 1346298?
2, 3, 17, 67, 197
What are the prime factors of 21022827?
3, 7, 1001087
What are the prime factors of 14671424?
2, 23, 9967
List the prime factors of 19174116.
2, 3, 13, 19, 6469
List the prime factors of 1971636.
2, 3, 43, 3821
What are the prime factors of 8454878?
2, 31, 53, 83
List the prime factors of 13186839.
3, 4395613
List the prime factors of 34840351.
7, 13, 382861
List the prime factors of 87648.
2, 3, 11, 83
What are the prime factors of 97584?
2, 3, 19, 107
List the prime factors of 301660.
2, 5, 15083
What are the prime factors of 8601579?
3, 7, 71, 641
List the prime factors of 523741.
523741
What are the prime factors of 29284182?
2, 3, 809, 2011
What are the prime factors of 550232?
2, 109, 631
What are the prime factors of 20762730?
2, 3, 5, 25633
What are the prime factors of 10794345?
3, 5, 59, 12197
What are the prime factors of 775772?
2, 193943
List the prime factors of 79551.
3, 8839
What are the prime factors of 144849?
3, 53, 911
List the prime factors of 434850.
2, 3, 5, 13, 223
List the prime factors of 854979.
3, 23, 12391
List the prime factors of 635661.
3, 13, 1811
List the prime factors of 4291293.
3, 17, 84143
List the prime factors of 2824683.
3, 941561
What are the prime factors of 9564615?
3, 5, 70849
What are the prime factors of 233749?
23, 10163
What are the prime factors of 5254183?
11, 173, 251
What are the prime factors of 1724563?
23, 97, 773
List the prime factors of 4116412.
2, 1029103
List the prime factors of 5811.
3, 13, 149
What are the prime factors of 25712732?
2, 1181, 5443
What are the prime factors of 2488233?
3, 11, 75401
What are the prime factors of 14585798?
2, 347, 21017
List the prime factors of 2246173.
2246173
What are the prime factors of 4033904?
2, 7, 36017
What are the prime factors of 11014466?
2, 5507233
List the prime factors of 23920276.
2, 23, 260003
List the prime factors of 95511.
3, 13, 31, 79
List the prime factors of 1405857.
3, 468619
What are the prime factors of 7178322?
2